divisor of u and 8.
4
Let z be (32/((-2)/2))/(-1). Suppose -27 = -3*h - 2*p + 5*p, 0 = 3*h - 4*p - z. What is the greatest common divisor of 2 and h?
2
Let n(b) = 167*b + 1. Let w be n(1). Suppose y = 4*y - w. What is the highest common factor of y and 8?
8
Suppose b = -b - 2*p + 108, -2*p - 60 = -b. What is the highest common factor of 8 and b?
8
Let c(k) be the first derivative of 2*k**3/3 - 4*k**2 - 4*k + 6. Let f be c(5). Calculate the highest common divisor of f and 18.
6
Let v = 36 + -24. Let c(g) be the first derivative of 10*g**3 + 1. Let d be c(1). Calculate the greatest common factor of d and v.
6
Suppose 0 = -3*z + 6, 2*g - g + 3 = -z. Let b be (-10 - -1)/(g/5). Calculate the greatest common factor of b and 6.
3
Suppose 3*h - 3*u = 8*h - 151, 5*h - 4*u = 172. What is the greatest common factor of 32 and h?
32
Let q(g) = 5*g - 8 + 5 + 2. Let c be q(1). Suppose 0 = c*r + 4, -3*m + r + 132 = 4*r. What is the greatest common factor of 5 and m?
5
Let d = 20 - 10. Calculate the highest common factor of d and 90.
10
Suppose t - 11 + 0 = 0. Let y(i) = -7 + 2 - 5*i + 7*i + 8*i**2 - i**3. Let w be y(8). What is the highest common factor of w and t?
11
Let x be 4/(-6) - 56/(-12). Suppose -3*f + x + 2 = 0. What is the highest common factor of f and 18?
2
Let m = 66 + 15. Calculate the highest common factor of 9 and m.
9
Suppose -4*b + 113 = -5*i, -2*b + 52 = -i - 9. Calculate the highest common divisor of b and 160.
32
Suppose 0 = 4*z - 38 + 14. Let l be (-2)/(-2)*16 + -1. Calculate the highest common factor of l and z.
3
Let o = -594 - -342. Let s(d) = d**3 - 5*d**2 + 4*d - 4. Let t be s(5). Let y be (-1)/(-4) - o/t. Calculate the greatest common factor of y and 16.
16
Let q be (2 - (1 + -14))/1. Let z(m) = -m**3 + m**2 + 7*m + 5. Let p be z(-5). Calculate the greatest common factor of q and p.
15
Let q = 20 - -15. Suppose -3*l = -2*l - q. What is the greatest common divisor of 14 and l?
7
Let m(v) = 4*v**2 + 18*v - 88. Let g be m(7). Let i be 4/(-1)*39/(-6). What is the greatest common factor of g and i?
26
Let i(s) = -s**2 - 28*s + 23. Let c be i(-21). What is the greatest common factor of c and 10?
10
Suppose -2*c + 40 = 3*c. Suppose -4 = -7*v + 52. Calculate the greatest common divisor of v and c.
8
Let o(y) = -83*y**2 - 2*y + 1. Let h be o(1). Let i = 130 + h. What is the highest common divisor of 23 and i?
23
Let j(r) = 4*r**2 - r - 20. Let t be j(-5). What is the greatest common factor of 34 and t?
17
Let c = -23 - -47. Calculate the highest common divisor of c and 48.
24
Let o be (-78)/(-16) + (-7)/(-56). Suppose 0 = 3*u + 2*h + 7, -2*u + 5*h = 8 + 22. Let z = u - -10. What is the greatest common divisor of z and o?
5
Let a = 2 - 0. Suppose -2*h = 3*y + 1 - a, 4*y + 4 = 0. Suppose 6*d - h*d - 12 = 0. Calculate the greatest common divisor of 33 and d.
3
Let f = 19 + -3. Let x be 66/8 + (-4)/f. Let m = 0 - -4. What is the greatest common factor of m and x?
4
Suppose 0*r - 3*r = -114. What is the greatest common factor of r and 38?
38
Let a(o) = -14*o - 1. Suppose -1 + 4 = 3*u - 3*v, 0 = -5*u - v - 7. Let y be a(u). What is the greatest common factor of 104 and y?
13
Let p = 77 - 24. Suppose 0 = -2*c - 4*j + 10, 3*j + p = -3*c + 7*c. Suppose 3*g = 66 + 99. What is the highest common divisor of g and c?
11
Let r(p) = 9*p - 13. Let o be r(4). Calculate the greatest common factor of 23 and o.
23
Let c be 30/24 - (-46)/8. Calculate the greatest common divisor of 56 and c.
7
Let n(z) = z**2 - 3*z + 2. Let f be n(3). Suppose -3*b = f*b - 10. Let y be 110/2 - (1 - b). What is the greatest common factor of y and 7?
7
Let c be ((-14)/(-7))/((-3)/(-96)). What is the greatest common divisor of c and 8?
8
Let g = 5 + 9. What is the highest common divisor of 21 and g?
7
Let c(f) = -f**3 - 10*f**2 - 4*f - 21. Let l be c(-10). What is the greatest common divisor of l and 19?
19
Let o be (-50)/(-4) - (-8)/(-16). What is the greatest common factor of o and 108?
12
Let a = 15 - -1. Let q(n) = -7*n - 3*n**2 + 6*n**3 - 6*n**2 + 7*n**2 - 5*n**3. Let i be q(4). What is the highest common divisor of i and a?
4
Suppose 5*n = -3*q + 27, 12*n - 14*n + 5*q + 17 = 0. Calculate the highest common factor of n and 2.
2
Suppose -4*a = -4, -5*a = y - a - 29. Suppose 0*t - 4*t + 5*u + 35 = 0, 0 = -3*t + 5*u + y. Calculate the greatest common factor of t and 80.
10
Let i = 63 + -43. Calculate the highest common factor of i and 30.
10
Suppose -4*k + s = -10, -k + 13 = 2*s + 3*s. Suppose -k*p - 360 = -4*t + 250, t - 158 = -2*p. What is the highest common factor of t and 14?
14
Suppose j - 1 = -2, 2*x = -j + 77. Calculate the greatest common factor of x and 26.
13
Suppose 3*g = 3*n + 2*g - 70, -2*n = 3*g - 65. Let i = 45 - n. What is the greatest common divisor of i and 100?
20
Suppose -5*r - 87 = -10*r + 2*i, 80 = 5*r + 5*i. Let o(c) = c**3 + 11*c**2 + 8*c + 8. Let m be o(-8). What is the highest common factor of m and r?
17
Let b(k) = -3*k - 3. Let w be b(-3). Let f(n) = 10*n - 5. Let l be f(w). Let o = -8 + 19. What is the highest common factor of o and l?
11
Suppose 168 = v + 4*v + h, -98 = -3*v - 2*h. Suppose -4*c = 6*q - 5*q + v, -2*c = q + 34. Let u = q - -76. What is the greatest common divisor of u and 63?
21
Let j(r) = -r + 2. Let k be j(0). Suppose i - 2 = k. Suppose -2*h - 5*z = -4*h + 38, -4*h + 52 = -i*z. Calculate the highest common factor of h and 72.
9
Let q(f) = f**3 - 7*f**2 - 9*f + 10. Let r be q(8). Suppose 1 = -r*v + 7. Calculate the highest common factor of v and 15.
3
Suppose 1 = 4*m + 5. Let o = m - -2. What is the greatest common factor of 11 and o?
1
Suppose 0 = -o + 2*o + 4. Let q be 15/10 + (-2)/o. Suppose -q*u + 0*u = -220. Calculate the greatest common factor of 22 and u.
22
Suppose 0 = -2*b + b + 8. What is the greatest common divisor of 32 and b?
8
Let d = 332 - 154. Let p = 268 - d. Let w = 45 - 35. Calculate the highest common divisor of w and p.
10
Let j(k) = -5*k + 14 - 14. Let y be j(-6). Calculate the greatest common divisor of y and 15.
15
Let r be (22/6)/((-4)/(-36)). Suppose -3*o - 3*i = -r, 2*o + 22 = 4*o + i. What is the highest common divisor of o and 22?
11
Let p be (170/51)/(4/150). Calculate the highest common divisor of p and 25.
25
Suppose 9*p = 31 + 5. Calculate the highest common factor of 8 and p.
4
Let q be 0*(-4 + (2 - -1)). Suppose q = 2*p + 2 - 62. Calculate the highest common factor of 150 and p.
30
Let p = 15 + -13. Let z be (p/(-3))/(5/(-105)). Calculate the highest common factor of z and 154.
14
Let v(x) = 14*x**3 + 2*x**2 - 1. Let t be (1 - (-3)/(-2))*-2. Let k be v(t). Calculate the highest common divisor of k and 15.
15
Let i(c) = c**3 + 0*c**3 + 0*c**3 + 2*c + 5*c**2. Let j be i(-3). Suppose 2*p - 36 = 3*q, 4*p = -q + 10 + 34. What is the greatest common factor of p and j?
12
Let u = 145 + -90. Calculate the greatest common factor of u and 33.
11
Suppose h = -4*h + 5*g + 55, 61 = 5*h + g. What is the greatest common divisor of 8 and h?
4
Let u(c) = -c**3 - c**2 + 6*c + 5. Let k be 129/(-27) + (-4)/18. Let z be u(k). What is the highest common divisor of z and 15?
15
Let g(o) = -3*o**3 + o**2 + 2*o + 1. Let b be g(-1). Calculate the greatest common divisor of 15 and b.
3
Let a be (-1380)/(-33) - 2/(-11). Let z be ((-5)/(-5))/((-1)/(-7)). Calculate the highest common divisor of z and a.
7
Let z(t) = -5*t - 1. Let m be z(-1). Suppose 0 = m*b - 2 - 2. Suppose -3 = -w + b. Calculate the highest common factor of w and 20.
4
Let q be 135/(-2)*40/(-30). Calculate the highest common factor of 10 and q.
10
Suppose 0 = 3*w - 6*w + 24. Let p(o) = -2*o + 2. Let q be p(5). Let t be (54/w)/((-2)/q). Calculate the greatest common factor of t and 3.
3
Suppose 4 + 6 = 5*m. Suppose -5*l - 4 = -2*v + 22, m*l - 100 = -4*v. Calculate the greatest common factor of v and 69.
23
Let f be (3/9)/((-1)/(-15)). Suppose -f*i = 5 - 15. What is the highest common factor of 4 and i?
2
Suppose -3*f + 34 = 5*v, 7*f - 14 = -v + 4*f. What is the highest common factor of v and 55?
5
Let s be 0 + (-4)/(-1 + -1). Suppose 0 = -s*c + 24 + 8. Let g = 22 + -6. Calculate the highest common divisor of c and g.
16
Let i be (6/5)/(3/45). Let v be (-1 - 1)/((-1)/(-5)). Let q(k) = -k - 7. Let y be q(v). What is the greatest common factor of y and i?
3
Supp